{"id":2144,"date":"2026-02-05T15:33:23","date_gmt":"2026-02-05T14:33:23","guid":{"rendered":"https:\/\/ekoplast.velourdesign.pl\/?post_type=product&#038;p=2144"},"modified":"2026-02-05T15:33:31","modified_gmt":"2026-02-05T14:33:31","slug":"pojemnik-niedzielony-pp-do-zgrzewu-czarny-227x178x40mm-50-szt","status":"publish","type":"product","link":"https:\/\/ekoplast.info.pl\/?product=pojemnik-niedzielony-pp-do-zgrzewu-czarny-227x178x40mm-50-szt","title":{"rendered":"Pojemnik niedzielony PP do zgrzewu CZARNY 227x178x40mm 50 szt"},"content":{"rendered":"<section class=\"section\">\n<div class=\"item item-6\">\n<section class=\"image-item\"><img decoding=\"async\" src=\"https:\/\/upload.cdn.baselinker.com\/products\/5003952\/907c94724c0b1aaa45477bb6aae92940.jpg\"><\/section>\n<\/p><\/div>\n<div class=\"item item-6\">\n<section class=\"text-item\">\n<p>Przedmiotem aukcji jest:<\/p>\n<p>Pojemnik PP do zgrzewu niedzielony czarny.<\/p>\n<p>Liczba sztuk: <b>50<\/b><\/p>\n<p>Wymiar: 227 x 178 x 40 mm (d\u0142ugo\u015b\u0107\/szeroko\u015b\u0107\/wysoko\u015b\u0107 pojemnika)<\/p>\n<p>Nadaje si\u0119 do u\u017cycia w mikrofal\u00f3wce.<\/p>\n<\/section><\/div>\n<\/section>\n","protected":false},"excerpt":{"rendered":"<p>&#8230;<\/p>\n","protected":false},"featured_media":2178,"comment_status":"open","ping_status":"closed","template":"","meta":[],"etheme_brands":[],"product_brand":[],"product_cat":[51],"product_tag":[],"class_list":{"0":"post-2144","1":"product","2":"type-product","3":"status-publish","4":"has-post-thumbnail","6":"product_cat-przemysl-materialy-i-akcesoria-gastronomia-naczynia-i-akcesoria-jednorazowe-pojemniki-i-opakowania","8":"first","9":"instock","10":"shipping-taxable","11":"purchasable","12":"product-type-simple"},"_links":{"self":[{"href":"https:\/\/ekoplast.info.pl\/index.php?rest_route=\/wp\/v2\/product\/2144","targetHints":{"allow":["GET"]}}],"collection":[{"href":"https:\/\/ekoplast.info.pl\/index.php?rest_route=\/wp\/v2\/product"}],"about":[{"href":"https:\/\/ekoplast.info.pl\/index.php?rest_route=\/wp\/v2\/types\/product"}],"replies":[{"embeddable":true,"href":"https:\/\/ekoplast.info.pl\/index.php?rest_route=%2Fwp%2Fv2%2Fcomments&post=2144"}],"version-history":[{"count":1,"href":"https:\/\/ekoplast.info.pl\/index.php?rest_route=\/wp\/v2\/product\/2144\/revisions"}],"predecessor-version":[{"id":2179,"href":"https:\/\/ekoplast.info.pl\/index.php?rest_route=\/wp\/v2\/product\/2144\/revisions\/2179"}],"wp:featuredmedia":[{"embeddable":true,"href":"https:\/\/ekoplast.info.pl\/index.php?rest_route=\/wp\/v2\/media\/2178"}],"wp:attachment":[{"href":"https:\/\/ekoplast.info.pl\/index.php?rest_route=%2Fwp%2Fv2%2Fmedia&parent=2144"}],"wp:term":[{"taxonomy":"brand","embeddable":true,"href":"https:\/\/ekoplast.info.pl\/index.php?rest_route=%2Fwp%2Fv2%2Fetheme_brands&post=2144"},{"taxonomy":"product_brand","embeddable":true,"href":"https:\/\/ekoplast.info.pl\/index.php?rest_route=%2Fwp%2Fv2%2Fproduct_brand&post=2144"},{"taxonomy":"product_cat","embeddable":true,"href":"https:\/\/ekoplast.info.pl\/index.php?rest_route=%2Fwp%2Fv2%2Fproduct_cat&post=2144"},{"taxonomy":"product_tag","embeddable":true,"href":"https:\/\/ekoplast.info.pl\/index.php?rest_route=%2Fwp%2Fv2%2Fproduct_tag&post=2144"}],"curies":[{"name":"wp","href":"https:\/\/api.w.org\/{rel}","templated":true}]}}